l**2 + 25. Let w(h) = -17*d(h) - 6*p(h). Let x = -36 - -28. What is the units digit of w(x)?
9
Let x(o) = -998*o - 980. What is the ten thousands digit of x(-15)?
1
What is the hundreds digit of (13 - (-1626438)/190)/(-2 + (-12)/(-5))?
4
Suppose -189 = -5*t + 1056. Let z = 421 - t. What is the tens digit of z?
7
Let o(m) = -m**3 + 9*m**2 - 15*m + 20. Let k be o(9). Let y be (-2)/(10/k) + 5. What is the tens digit of (-148)/(-2) + 7/(y/(-8))?
7
Let o = 39116 - 624. What is the thousands digit of o?
8
Suppose h = 5*t - 25, t + h + 4 = 3*h. Suppose 1056 = 3*v + 3*s, -t*s = -5*v - s + 1730. Let g = 509 - v. What is the units digit of g?
0
What is the ten thousands digit of (-6)/(4*(-35465)/(-141920) - 1)?
1
Suppose -j = 4*b + 8209 - 21164, 4*b + 2*j - 12950 = 0. What is the units digit of b?
0
Let h(y) = y**3 + 29*y**2 - 78*y - 108. What is the thousands digit of h(-26)?
3
Suppose 21*d = 21391 + 121619. What is the tens digit of d?
1
Suppose -2*b + 6*b - 3*y = 70, -5*b - 3*y = -74. Let o be (-8)/(-3)*24/b. Suppose 54 = 3*z - 2*j, -4*j - 77 = -o*z - 3*j. What is the units digit of z?
0
Let g = -20 + 24. Suppose -q - 202 = -0*x - 2*x, 0 = 5*x + g*q - 505. Suppose -3*d = -r + x, -3*r - 93 = -4*r + d. What is the tens digit of r?
8
Suppose 0 = -5*w + o + 13085, -8*w - 13085 = -13*w - 4*o. What is the thousands digit of w?
2
Let t(w) = 297*w**2 - 2*w - 10. Let m be t(-3). Let x = m - 1514. What is the units digit of 2/(-4) + x/6?
2
Let m = -16325 + 55420. What is the hundreds digit of m?
0
Let u be (10844/(-6))/2*-3. Suppose u = -28*q + 8535. What is the tens digit of q?
0
Suppose 3*s = -q, 2*q - s = -0*s. Suppose -18*o + 13*o + 750 = 0. Suppose m + r - 5*r - o = q, 4*m = r + 615. What is the tens digit of m?
5
Let d(o) = 6*o - 6. Let h be d(0). Let g be h/8 - (1214/(-8) - -1). Let v = g - -4. What is the hundreds digit of v?
1
Let a be -37*7*(3 + -4). Suppose 2*j = -2*c + 793 + a, -2*j = 4*c - 2110. What is the units digit of c?
9
Let i be (-6)/22*(9 - 20). Suppose 691 = i*u - 89. What is the tens digit of u?
6
Let t(a) = 330*a - 2255. What is the ten thousands digit of t(42)?
1
Suppose 169 = m - x, -3*m + 2*x + 537 = 5*x. Let p(c) = -11*c - 5. Let i be p(6). Let d = i + m. What is the tens digit of d?
0
Let o = -2910 - -7148. What is the units digit of o?
8
Let u(s) = 27*s - 2. Let f(p) = -p**3 - p**2 - p + 4. Let l be f(0). Suppose 3*q - l*o + 22 = o, 3*q - 8 = -o. What is the tens digit of u(q)?
2
Let m(y) = 30*y + 109. Let u be m(-5). Let f = 476 + u. What is the tens digit of f?
3
What is the thousands digit of (57139/(-1))/(-1) - (-8)/(8/8)?
7
Suppose 20*i = -5*g + 289565, -32*i + 4*g = -29*i - 43430. What is the thousands digit of i?
4
Let g = 160 - -465. What is the units digit of g?
5
Let t be (-2 + 39/12)*-600. Let u = 126 - t. What is the tens digit of u?
7
What is the tens digit of (-2389320)/(-180) + 18/2?
8
Suppose -z = -6*h - 24254, 4*z - 79*h + 84*h = 97190. What is the tens digit of z?
9
Suppose -25*b = -539600 - 87059 - 151116. What is the thousands digit of b?
1
Let n(h) = 2*h**3 - 13*h**2 - 4*h - 29. Let q be n(-6). What is the tens digit of ((-4)/(-5))/(9953/q + 11)?
6
Suppose -2*o = 412 - 418. Suppose o*s = -s + 1292. What is the units digit of s?
3
Let h(x) = -2 - 2 + 596*x + 2*x**2 - 636*x**3 + 0*x**2 - 598*x. What is the tens digit of h(-1)?
3
Let o(j) = -92*j + 9. Let p(y) = 93*y - 9. Let n(t) = 7*o(t) + 6*p(t). Let i be n(-5). Suppose 7*v = 345 + i. What is the units digit of v?
2
Let m(r) = 5309*r + 130. What is the tens digit of m(1)?
3
Suppose 4*v = 0, 0 = -5*m - 9*v + 10*v - 11545. Let y = 3266 + m. What is the units digit of y?
7
Suppose -4*i - 2367 = -9*i + x, -i + 459 = -5*x. What is the tens digit of i?
7
Let p = 394 + -46. Let b = 52 - p. Let z = 414 + b. What is the hundreds digit of z?
1
Let b(u) = 47*u**2 + 3*u + 7. What is the tens digit of b(-22)?
8
Let g(m) be the first derivative of -m**4/4 - m**3/3 + 40*m - 9. Let v be g(0). What is the units digit of -294*(3 - v/12)?
8
Suppose 12 = -5*q + 7*q. Suppose -b + 10 = -2*n, -q = 2*b + 2*n + 4. Suppose b = -3*y + 6, -2*a + a + 4*y = -75. What is the units digit of a?
3
Suppose -k + 4877 = -2*j, 0 = -5*k - 3*j + 18810 + 5549. What is the tens digit of k?
7
Suppose -38*o = -512030 - 836248. What is the units digit of o?
1
Let t = -16000 - -36230. What is the ten thousands digit of t?
2
Suppose 0 = 13*c - 34*c + 35280. What is the units digit of c?
0
Suppose -2*z - z = -2*k - 1765, -2667 = 3*k + 2*z. Let a = -364 - k. What is the tens digit of a?
2
Let x = 170 + -176. What is the tens digit of (-2640)/(-18) + 10/x?
4
Let u be ((-16)/(-40))/(4/(-20)). What is the units digit of (24/16)/(u/(-324))?
3
What is the ten thousands digit of 12636/648*1884/2?
1
Let y = 373 + 7568. What is the tens digit of y?
4
Let j(g) = -6*g**3 + 4*g**2 + 6*g + 3. Let p be j(-1). Suppose 5*k = -5*d + 9635, 4*d = k + p*d - 1921. What is the hundreds digit of k?
9
Suppose -5*a + 68 - 43 = 0, 5*a - 14965 = -4*x. What is the tens digit of x?
3
Let d(m) = -2129*m - 3364. What is the tens digit of d(-8)?
6
Let i(a) = -1092*a + 46. Let f be i(4). What is the tens digit of f/(-8) - (-1)/(-4)?
4
Suppose 29 + 151 = -9*b. Let d = b + 186. Suppose 24*q - 26*q + d = 0. What is the tens digit of q?
8
Suppose 10042 = 4*v - 3*u, 4*v + 42*u - 10026 = 37*u. What is the units digit of v?
9
Let b(c) = -379*c - 2780. What is the tens digit of b(-47)?
3
Let t(w) = w + 6. Let k be t(12). Let m(f) = f**3 - 19*f**2 + 22*f. Let q be m(k). Let c = 92 - q. What is the units digit of c?
0
Suppose 490 = 2*c - 628. Let f be c/6 + (-7 - 328/(-48)). Let d = f + -32. What is the units digit of d?
1
Let d(l) = -142*l - 25. Let s be d(-4). Let i = s - 378. What is the tens digit of i?
6
What is the tens digit of (-705)/(-6)*(-4380)/(-75)?
6
Let z(q) be the first derivative of q**4/4 - 7*q**3/3 - 2*q**2 - 5*q + 10. Let i be z(4). Let o = i + 80. What is the units digit of o?
1
Let n(m) = m**2 + 14*m - 2. Let q be n(-15). Suppose -10 = -q*u + 29. Suppose 5*t = -2*p + 477, p - 287 = -u*t - 0*p. What is the tens digit of t?
9
Let o = -7841 + 59491. What is the ten thousands digit of o?
5
What is the units digit of ((-10)/(360/27))/((-33)/1260248)?
2
Suppose -y = 5*d - 1028 - 11695, 12723 = y - 3*d. What is the ten thousands digit of y?
1
Let n(f) = 2*f**3 + 7*f**2 - 4. Let b be n(-6). Let j = -317 + 197. Let i = j - b. What is the tens digit of i?
6
Let y = -60 - -62. Let j be (0 - -2) + y/1. Suppose 2*h + 92 = j*h. What is the units digit of h?
6
Let t = 4628 + 2301. What is the thousands digit of t?
6
Let z = -60 - -51. Let q(j) = -21*j - 29. Let t be q(z). What is the tens digit of 42/(-5)*t/(-24)?
5
Suppose 15*i + i = 16. What is the tens digit of (i/(-4) + (-1499)/20)*-5?
7
Let z = -4408 - -31084. What is the tens digit of z?
7
Suppose 0 = 4*g + 3*g - 112. Suppose -10*y = -g*y + 12. Suppose y*s - 10 = s. What is the tens digit of s?
1
Let c(i) = -10*i**3 - 7*i**2 + 2*i. Let v(u) = -15*u**3 - 10*u**2 + 3*u. Let p(g) = 7*c(g) - 5*v(g). Let f be p(1). Let s = 59 - f. What is the tens digit of s?
5
Let w(v) = -19*v**3 + 2*v**2 + 5*v + 1. Let m be -3 + 0 + 0*5/10. What is the units digit of w(m)?
7
Let g(r) = 4*r**3 + 3*r**2 + 3*r - 6. Let z be g(4). Suppose 0 = 4*x + x - z. Let w = x - 10. What is the units digit of w?
2
Suppose 3*i = -13 + 1. Let v be ((-1)/(-3))/((-25)/(-6) + i). What is the units digit of (v/(-6) - 0)/(12/(-2664))?
4
Let m(w) = -7*w**3 + 3*w - 5. Let f be m(3). Let l = f - -391. Let s = 331 - l. What is the units digit of s?
5
Let u(j) = -j**3 + 7*j**2 + 5*j - 13. Let y be u(5). Suppose -4*o + 64*n + 422 = y*n, 0 = 4*n + 4. What is the hundreds digit of o?
1
Let m be (2/(-8))/((-6)/96). Suppose -m*n - z - 1672 = -8*n, 0 = n + z - 423. What is the units digit of n?
9
Let t(i) = -2*i**3 - 62*i**2 - i - 31. Let g be t(-31). What is the hundreds digit of (1 - 0) + g + 690?
6
Let t = -6 - -91. Suppose 4*z + 0*g = 5*g + 963, 4*g = -5*z + 1255. Suppose 5*r = 3*s - z, 0*r + t = s - 3*r. What is the tens digit of s?
7
Suppose 3*p - 40501 = -h, 2*p - 24158 - 2836 = h. What is the units digit of p?
9
Let y = -453 + 786. Suppose q + 4*t - 62 = 0, 2*t = -4*q + 3*t + y. Suppose 2*v + q = 250. What is the units digit of